 = -0*y + d*y. Let s(z) = z + 2. Determine s(y).
-2
Let z(s) = 9*s**2 - 100*s - 65. Let n(p) = -4*p**2 + 42*p + 33. Let i(y) = -7*n(y) - 3*z(y). Calculate i(-8).
-20
Let s(m) = -m**2 - 8*m + 4. Let d be -1*(99 - 8)/13. Calculate s(d).
11
Let c = -20 + 2. Let o = c + 19. Let b(x) = 2*x - 1. Let l(s) = 6*s + 3. Let f(a) = -2*b(a) - l(a). Give f(o).
-11
Let x(t) = -2*t**2 - 45 + 6*t + 7*t - t**3 - 5*t + 23 + 23. Determine x(-4).
1
Let k(g) = 2*g**2 - 4*g - 3. Let b = 14825 - 14830. Determine k(b).
67
Let m = 100 - 66. Let s = 40 - m. Let i(x) = -9*x - 15. Let k(n) = -5*n - 8. Let a(g) = 6*i(g) - 11*k(g). Give a(s).
4
Let v(g) = 7*g**2 + 1 - 9*g**2 - 3 + 3*g. Let m = 845 + -843. What is v(m)?
-4
Let o(h) = 2*h**2 - 11*h - 20*h + h + 32*h**2 + 30*h. Let d = 3 + -2. Determine o(d).
34
Let i(u) = 0*u + 0 + 3 + 4*u. Let p(m) = -2*m**2 - 35*m - 97. Let h be p(-17). Let n be 96/h*10/4. Give i(n).
-9
Let t = -3566 + 13023. Let c(k) be the first derivative of -9463*k + k**2 + 0*k**2 + 35 + t*k. Give c(4).
2
Suppose 2*d - 42 = -5*v, 0 = 7*d - 6*d + 2*v - 18. Let w(g) = 2*g**3 - 12*g**2 - 5*g + 6. Determine w(d).
-24
Let g(n) = 3*n**3 - n**2 + 4*n + 5. Let v = 22708 - 22709. Determine g(v).
-3
Suppose -3*v = -14 + 8. Let m be 4*(4/40)/(v/15). Let b(l) = -l**3 + 3*l**2 - 2. What is b(m)?
-2
Suppose -4*l + 4*k - 160 = 0, -k = 8*l - 11*l - 114. Let p(u) = u**3 + 37*u**2 - u - 34. Let v be p(l). Let j(c) = c**3 - 5*c**2 + 3*c + 3. Calculate j(v).
-6
Let l(u) = 4*u**2 - 18*u - 31. Let a(g) = -g**2 - 585*g - 5752. Let k be a(-10). Calculate l(k).
21
Let j(l) be the second derivative of 3*l - 1/4*l**4 - 2*l**2 + 10 + 1/20*l**5 - 1/2*l**3. Let c = 3 - -1. Give j(c).
0
Suppose 4*j + i - 17 + 1 = 0, 2*j - i = 2. Let w(c) = c**3 - 3*c**2 + 7*c - 10. Let l be w(j). Let q(o) = -o**3 + 12*o**2 - 10*o - 7. Determine q(l).
4
Let f(t) = 3*t**2 - 13*t**2 - 15 + 4*t**3 - 3*t**3 + 11*t**2. What is f(0)?
-15
Suppose 8*c = 4*c + 8. Suppose -c*o + 5*p - p + 14 = 0, p + 17 = 5*o. Let k(t) = 7*t**o + 0 - 8*t**3 + 4 + 3*t**2 + t. What is k(3)?
7
Suppose 0 = -33*h + 339*h + 19584. Let l(f) = 2*f**2 + 127*f - 58. Give l(h).
6
Let o(f) = -f**2 - 8*f - 3. Let n(t) = 3*t**3 - 12*t**2 - 26*t + 13. Let s be n(-2). Calculate o(s).
4
Let y = -846 - -835. Let q(v) be the first derivative of -v**3/3 - 11*v**2/2 - 211. Determine q(y).
0
Let r(i) be the first derivative of 1/40*i**5 + 1/24*i**4 + 0*i**2 + 0*i - 1/180*i**6 - 9 + 4/3*i**3. Let d(s) be the third derivative of r(s). Give d(-2).
-13
Let d(x) = -x**2 - 8*x + 6. Let n be ((-22)/10 - -1)*(-20)/3. Let s be (-4)/10 + 3 + (-7)/(-5). Suppose s*q = 3*q - n. Give d(q).
6
Let b(n) = 4*n**2 - 11*n + 1. Let g(u) = -54*u - 62*u + 135*u - 3 - 7*u**2. Let r(y) = -5*b(y) - 3*g(y). Calculate r(0).
4
Let v(r) = -7*r + 58. Let d(l) = -l - 1. Let q(m) = 2*d(m) + v(m). Let u be q(6). Let t(x) = -x + 2. Determine t(u).
0
Let m(z) = -18*z**2 - 12*z**2 + 1386 + z**3 - 3*z**2 - 1265 - 32*z + 6*z**2. What is m(28)?
9
Let r = 40 - 37. Let d(k) be the second derivative of -2*k**2 + 5/6*k**3 + 0 - 1/10*k**5 - 28*k + 1/4*k**4. Determine d(r).
-16
Let m(k) be the first derivative of -k**3/3 + 3*k**2/2 + 11*k - 46569. Let w(s) = s**3 - s**2 - 4*s. Let a be w(3). Give m(a).
-7
Suppose -4*a - a + 13 = 2*g, 2*a - 8 = 2*g. Suppose 2*x - 4*x - 2 = 0. Let j be (0 + x)/(a/(-12)*1). Let h(s) = s**3 - 6*s**2 + 6*s - 1. Calculate h(j).
-9
Let w(i) = -4 + i**2 + 33*i**3 + 17*i - 10*i**2 - 32*i**3 + 12. Let u be w(6). Let s(o) = -1 + 2 - 2 + o + u. Determine s(-6).
-5
Let b(f) = -f**3 + 4*f**2 - 2*f - 2. Suppose -5*r = u - 12, 2 = 4*r - 3*u - 0. Let v be b(r). Let n(d) = -2 - 1246*d + 1245*d - v. What is n(-7)?
3
Suppose -3*p + p + 8*p = 0. Let c(u) = -u**2 - 6 - 1 + 12 - 1 + 3*u + p. What is c(-2)?
-6
Let v be (-4)/(-3)*(-3438)/(-764). Let x(t) = t**3 - 9*t**2 + 17*t. Determine x(v).
-6
Let a(x) = -x + 7. Let c = 360 + -364. Let d(z) = -z**2 - 7*z - 5. Let y be d(c). Determine a(y).
0
Let a(b) = 8*b**2 + 11*b**2 - 22*b**2 + 28 + 2*b**2 - 15*b. Determine a(-16).
12
Let g = -339 + 333. Let t(z) be the first derivative of -1 - 1/2*z**2 - 7*z. Calculate t(g).
-1
Let m(q) = 3*q**2 + 60*q - 42. Let n be m(-20). Let z be 1 - (70/n)/(1/3). Let i(l) = 3*l - 10. Calculate i(z).
8
Let v = 80 - 78. Let i be (-1)/3*-2*9/v. Let r(l) = 20*l - 1. Let x(y) = -13*y + 1. Let g(h) = -5*r(h) - 8*x(h). Calculate g(i).
9
Let z(b) = -b**2 - 4*b - 5. Let c(k) = -k**3 - 61*k**2 - 61*k - 63. Let m be c(-60). What is z(m)?
-2
Let r(h) = h**3 - 16*h**2 + 26*h + 25. Let a be 160/11 - (-786)/(-1441). Give r(a).
-3
Let i = -7771 - -7772. Let w(c) = 12*c**3 + 2*c**2 - 1. What is w(i)?
13
Suppose -968 = 273*h - 3425. Let a(w) = -5*w**2 - 19*w - 32. Let p(g) = 3*g**2 + 13*g + 21. Let j(t) = -5*a(t) - 8*p(t). Give j(h).
-8
Let a(c) = 4*c + 45. Let u be (2 + 8/(-6))*(7 + -25). Determine a(u).
-3
Let i be (-6 - -2)/((-16)/4)*(-8)/8. Let y(m) = -21*m**2 - 3*m + 3. Calculate y(i).
-15
Suppose 0 = 16*q - 109 - 99. Let x(j) = 5*j - q*j**3 + 3*j + 8*j**2 - 16*j**2 + 9 + 14*j**3. Give x(7).
16
Let h(k) be the first derivative of k**4/4 - 23*k**3/3 - 3*k**2 + 161*k - 4674. Determine h(23).
23
Let h(p) = 12*p + 58. Let w be (1 - 6)*(-11 - (-192)/15). Let l(b) = 3*b + 13. Let x(v) = w*l(v) + 2*h(v). Give x(-8).
23
Let l(c) = c**2 + c - 1. Let n(d) be the second derivative of d**4/12 - d**2/2 - 18*d. Let r = -332 + 335. Let u(x) = r*n(x) - l(x). Give u(2).
4
Let x(b) = -b**2 - 6*b + 21. Suppose 34 - 23 = -10*c - 79. Calculate x(c).
-6
Let b(c) be the first derivative of -2*c**2 + c**3 + c + 1/4*c**4 - 161. Calculate b(-4).
1
Let x(y) be the third derivative of -y**8/20160 + y**7/1680 + y**6/48 - 3*y**5/5 - 13*y**2 + 2*y. Let a(v) be the third derivative of x(v). What is a(5)?
5
Suppose -11*a - h = -14*a + 7, 0 = a + 2*h. Let j(s) = 17 - 2*s**2 - s**3 + 5*s**2 - s - 15*s**a + 26*s**2. Calculate j(14).
3
Suppose -241*y = -242*y - 1. Let u(i) = 24*i**3 - i**2 + 2*i + 3. Determine u(y).
-24
Let s(c) be the second derivative of c**4/12 + 5*c**3/6 - 287*c. Suppose 0 = -2*j - 4 - 6. Calculate s(j).
0
Let b(z) = -z**2 + 6*z - 9. Suppose 3*l - o = 15, 0 = -7*l + 6*l - 4*o + 18. Give b(l).
-9
Let n = 22 + -12. Let u(r) = -1299 + 655 + 648 - r. Give u(n).
-6
Let l = 47 + -45. Let s be (-4 + 6 - l) + 5. Let f be (-7 + 37/s)/((-2)/(-20)). Let z(y) = -y**2 + 3*y + 1. What is z(f)?
-3
Let n(j) = 0*j**2 + j**3 + j**2 + 180*j + 170*j - 351*j. Calculate n(0).
0
Let i = -30 - -33. Let w(m) = -5 - 3*m**2 + m**i - 764*m + 757*m + 3. Give w(5).
13
Let n(c) = 3*c**2 - 2*c - 1. Suppose 3*r = 74 + 16. Suppose r = -3*z - 3*z. Let a(t) = t**2 + 3*t - 7. Let h be a(z). Give n(h).
20
Suppose -2*t - 112 = 3*q - 6*q, 5*q = -3*t - 149. Let p = t - -32. Let j = p - -17. Let y(s) = -s**3 - 5*s**2 - 2. Give y(j).
-18
Let j(a) = 11*a + 63. Let q = -388 - -382. Let f be j(q). Let r(k) = -4*k - 1. Give r(f).
11
Let x(v) = v**3 + 2*v + 8. Let s be 0/(3 - 24/6). Determine x(s).
8
Let l(f) = f - 3. Let z(o) = -o**3 - 10*o**2 - 5. Suppose -16*s + 17*s = -10. Let v be z(s). Let x = v + 1. Calculate l(x).
-7
Let l(w) = 0*w + w**3 + 1 + 4*w - w - 9*w**2 + 3*w. Let o be (6*4/3*2)/2. Calculate l(o).
-15
Let h(g) = 2*g**2 + 22*g + 1. Let b(z) = z**2 + 57*z + 4. Let q(m) = b(m) - 2*h(m). What is q(4)?
6
Let t = 530 - 1014. Let h = t + 484. Let o(q) = -q + 1. Let j(v) = 7*v. Let m(y) = j(y) + 6*o(y). Give m(h).
6
Let d(s) = -2*s**3 + 7*s**2 - 2*s + 9. Let h(g) = 5*g**3 - 20*g**2 + 5*g - 26. Let x(m) = 8*d(m) + 3*h(m). Let r = -9 - -4. Give x(r).
24
Let u(d) = d + 2. Let i(l) be the first derivative of -l**2/2 - l - 72. Let h(n) = -9*i(n) - 4*u(n). Give h(-1).
-4
Suppose 23 = 3*u + j, 1 = -2*j + 11. Let m(l) = 5 + 2*l - 13 - 2 + 4 + 4. Give m(u).
10
Let c(m) = -66*m**2 + 19*m + 85*m**2 - 20*m**2 - 8 - 35. What is c(16)?
5
Let n(y) be the second derivative of y**5/20 + y**4/4 - 3*y**3/2 + 11*y**2/2 + 8281*y. Calculate n(-6).
-43
Let c(b) be the first derivative of -b**4/4 + b**3 - 7*b**2/2 + 5*b - 2511. Determine c(4).
-39
Let j = -1759 + 1777. Let r(f) = f**3 - 19*f**2 + 21*f + 7. Determine r(j).
61
Let u(o) = -7*o + 127. Let t = -11878 + 11899. Give u(t).
-20
Let l be 16/(-6) - 2548/588. Let o(v) = 9*v + 13. Calculate o(l).
-50
Suppose -13*u - 3333 = -3463. Let i(d) 